55306273.
2629
Calculate the highest common factor of 419952225 and 165.
165
Calculate the highest common factor of 7979983 and 22.
11
Calculate the greatest common factor of 5693960 and 50.
10
Calculate the highest common factor of 34782 and 12593889.
561
Calculate the greatest common divisor of 1274 and 22556443.
91
What is the highest common divisor of 4212 and 7155876?
156
What is the greatest common divisor of 31412079 and 1017?
1017
Calculate the highest common divisor of 3432 and 733680.
24
What is the highest common factor of 1445 and 12333653?
289
What is the highest common factor of 20726793 and 261?
261
Calculate the greatest common divisor of 3091 and 1017995.
11
What is the greatest common divisor of 71504 and 579248?
656
Calculate the highest common divisor of 475104 and 701232.
336
What is the greatest common divisor of 3224452 and 195692?
812
Calculate the greatest common divisor of 35940973 and 207.
23
What is the highest common factor of 15347300 and 363225?
4175
Calculate the highest common divisor of 72869727 and 1771.
161
Calculate the greatest common factor of 1121352 and 1704.
24
Calculate the greatest common factor of 1666 and 573801.
17
What is the greatest common divisor of 3312 and 33001872?
1104
Calculate the greatest common factor of 1061 and 164483647.
1061
What is the highest common divisor of 34664 and 3032?
8
Calculate the greatest common divisor of 80 and 390352.
16
What is the highest common factor of 746460 and 44460?
2340
What is the greatest common factor of 24 and 5659386?
6
Calculate the highest common factor of 58 and 136105439.
29
What is the highest common divisor of 1516 and 1042476?
4
What is the highest common factor of 888 and 821992?
296
What is the greatest common divisor of 46536 and 269772?
12
What is the greatest common divisor of 361938 and 84309?
537
Calculate the highest common factor of 163656210 and 18090.
2010
What is the greatest common divisor of 10248 and 3109719?
183
What is the highest common divisor of 1974 and 1413636?
42
Calculate the greatest common divisor of 29749594 and 434.
14
Calculate the highest common divisor of 212039235 and 258.
129
Calculate the highest common divisor of 971448 and 11905.
2381
Calculate the highest common divisor of 4953 and 4168775.
1651
What is the highest common factor of 1304434075 and 1150?
575
Calculate the highest common factor of 8321535 and 8505.
1215
What is the greatest common factor of 162966 and 499278?
1038
What is the greatest common factor of 941 and 359840282?
941
Calculate the greatest common factor of 1858 and 20053394.
1858
What is the highest common divisor of 198481 and 14614979?
4841
Calculate the highest common factor of 3589 and 1336369.
97
What is the highest common factor of 5551 and 57725395?
91
What is the highest common divisor of 22951675 and 125?
25
What is the highest common divisor of 335 and 1538870?
5
Calculate the greatest common divisor of 506762 and 8.
2
Calculate the highest common factor of 95562586 and 2786.
2786
What is the greatest common factor of 27511948 and 584?
292
Calculate the highest common divisor of 20972 and 16845652.
428
What is the greatest common divisor of 12580 and 3807830?
170
Calculate the greatest common factor of 1331862 and 43491.
399
Calculate the greatest common factor of 32005 and 5735.
185
Calculate the highest common factor of 2626 and 1308758.
202
What is the highest common factor of 574710 and 480?
30
Calculate the greatest common factor of 2005 and 392805164.
401
What is the greatest common factor of 861526 and 8432?
34
What is the greatest common divisor of 180 and 1311210?
90
Calculate the greatest common factor of 1609706 and 15190.
434
What is the highest common factor of 500 and 982?
2
What is the greatest common factor of 3899 and 242991?
7
What is the highest common factor of 77011 and 88?
11
Calculate the highest common divisor of 3323511 and 20079.
873
What is the greatest common divisor of 46089554 and 532?
266
What is the greatest common factor of 3500 and 169736?
28
What is the greatest common factor of 30490 and 44570?
10
Calculate the greatest common divisor of 282244 and 2123714.
3442
Calculate the highest common divisor of 324 and 1038252.
12
Calculate the greatest common factor of 36783 and 1936323.
549
Calculate the greatest common divisor of 23504 and 4167214.
226
What is the greatest common factor of 132 and 56860716?
132
What is the highest common divisor of 7437 and 518291967?
7437
Calculate the greatest common divisor of 328 and 1609947.
41
What is the highest common divisor of 1606 and 3533930?
146
What is the highest common divisor of 375 and 507915?
15
Calculate the highest common divisor of 372481915 and 338.
169
What is the highest common divisor of 30251 and 5450419?
169
Calculate the greatest common divisor of 9500348 and 4301.
187
What is the highest common divisor of 5529880 and 280?
40
What is the greatest common divisor of 14542 and 56078?
22
What is the greatest common factor of 828 and 85488171?
69
What is the greatest common factor of 39967552 and 64?
64
Calculate the greatest common divisor of 877725 and 1341.
9
Calculate the highest common divisor of 24870 and 2155.
5
Calculate the highest common factor of 8172390200 and 260.
260
What is the highest common factor of 4716 and 141652396?
524
What is the greatest common divisor of 168 and 6986994?
42
What is the greatest common divisor of 12105448 and 1572?
524
Calculate the greatest common divisor of 15013796 and 392.
196
Calculate the highest common factor of 470324474 and 11912.
2978
What is the greatest common divisor of 3 and 8861436?
3
Calculate the greatest common factor of 260 and 45530.
10
Calculate the greatest common factor of 1252141 and 102617.
89
Calculate the greatest common divisor of 125736 and 844440.
744
What is the greatest common divisor of 6000 and 1156050?
150
What is the highest common divisor of 65562 and 112945?
49
What is the greatest common factor of 52 and 1940024?
4
Calculate the highest common divisor of 18 and 103337379.
9
Calculate the highest common divisor of 32247450 and 900.
450
Calculate the highest common divisor of 70594 and 23218.
94
Calculate the highest common factor of 637668 and 276.
12
What is the highest common divisor of 465610 and 708010?
1010
What is the greatest common divisor of 26706989 and 38?
19
Calculate the highest common factor of 106 and 121492.
2
What is the highest common divisor of 2207582 and 494?
26
Calculate the greatest common factor of 1401822 and 821466.
846
What is the highest common factor of 3130 and 271404178?
626
What is the greatest common factor of 37 and 225464347?
37
Calculate the greatest common factor of 1056202481 and 5143.
5143
What is the greatest common factor of 42282 and 332427?
87
Calculate the highest common divisor of 1100 and 19640225.
275
Calculate the greatest common factor of 130862 and 672128.
118
What is the greatest common divisor of 300 and 6032220?
60
Calculate the highest common divisor of 3024 and 99120.
336
What is the highest common factor of 6988 and 651064972?
6988
Calculate the highest common divisor of 42240716 and 68.
68
Calculate the greatest common factor of 449490810 and 30.
30
What is the highest common divisor of 3 and 105335919?
3
Calculate the greatest common factor of 920049 and 1457.
31
Calculate the greatest common factor of 1340352 and 26313.
537
What is the highest common factor of 5016 and 167541?
33
Calculate the greatest common factor of 17507 and 187985.
287
What is the highest common divisor of 7668647 and 2736?
19
Calculate the greatest common factor of 40 and 2011216.
8
What is the greatest common divisor of 15637698 and 12793?
1163
Calculate the greatest common factor of 79919738 and 114.
38
Calculate the greatest common factor of 1329632 and 32567.
1123
What is the greatest common divisor of 403186782 and 17406?
5802
What is the greatest common factor of 125189 and 5426671?
5443
Calculate the greatest common factor of 1638 and 7801560.
234
What is the greatest common divisor of 17 and 236483379?
17
Calculate the greatest common factor of 3239724 and 1734.
102
What is the highest common divisor of 61752 and 63552?
24
What is the greatest common divisor of 5966030 a